he greatest common factor of 80 and l?
10
Suppose 61*i - 1977 = 5160. What is the greatest common factor of 429 and i?
39
Suppose -131*b + 22*b + 181500 = 23*b. What is the highest common factor of 264 and b?
11
Let s = -6798 - -7022. Calculate the highest common divisor of s and 1984.
32
Let v(g) = g**2 - 9*g + 13. Let p be v(8). Let k(n) = -n**2 - n + 38. Let y be k(p). What is the highest common divisor of y and 88?
8
Suppose 2*q + 4*s - 82 = 32, -2*q = -3*s - 142. Calculate the greatest common divisor of q and 3.
1
Suppose -15*w + 291 + 684 = 0. Let s = 86 - w. What is the highest common divisor of 168 and s?
21
Let x be ((-4)/(-10) + 0)/((-7)/(-980)). Let p = x + -37. Let l = p + 20. Calculate the highest common divisor of l and 273.
39
Let q(p) = p**3 - 5*p**2 + 89*p - 179. Let x be q(5). Let u(n) = 2*n - 2. Let z be u(8). What is the highest common divisor of x and z?
14
Let n be ((-10)/(-15))/((-4)/(-558)). Let g = n + -79. Calculate the highest common divisor of 126 and g.
14
Let o = -28602 + 28630. Calculate the highest common factor of 1603 and o.
7
Let p(f) = -3*f - 85. Let h be p(33). Let u = h + 188. Calculate the greatest common factor of u and 20.
4
Suppose -829737 = -18*m - 127*m - 92*m. What is the highest common divisor of 18 and m?
9
Let o = -714 + 721. Let j = 312 - 179. Calculate the highest common divisor of o and j.
7
Suppose 2*i - 7*x + 12*x = 3716, -12 = -3*x. Let l be i/77*3*(-6)/(-4). Calculate the greatest common factor of l and 144.
36
Let j(k) = 3*k**3 + 4*k**2 + 79. Let i be j(6). What is the highest common divisor of 26 and i?
13
Let x(z) = -20*z + 37. Let t be x(4). Let a = t - -55. What is the highest common divisor of 108 and a?
12
Let v be (-17 - -19)*(-2)/(-4)*0 - -51. Calculate the greatest common divisor of 255 and v.
51
Suppose 0 = -5*a + 214 + 1721. Let t(p) = -12*p + 7. Let z be t(-3). What is the highest common factor of z and a?
43
Suppose -288 = -3*m + 4*x, 4*x - 446 - 34 = -5*m. Let p = 8687 - 8579. Calculate the greatest common factor of p and m.
12
Let t be 46*(-5)/20*4/(-1). Suppose -48*r + t*r + 10 = 0. Suppose -13 = -5*x + 3*w - w, -3*x + 4*w + r = 0. Calculate the highest common divisor of x and 6.
3
Suppose 7*u = 8*u - 44. Let v = 2163 - 1327. What is the highest common divisor of v and u?
44
Let r be (-1)/(11/(-13)) - (-22)/(-121). Let t = -436 + 455. Calculate the greatest common factor of t and r.
1
Suppose -16*j = -21*j - 20, v = -3*j - 6. What is the greatest common divisor of v and 6?
6
Suppose -4*s + 6 + 6 = 0. Let i be 471/11 - (-68)/374. Suppose -4*r - 91 + i = -4*t, 5*r = -5*t + 90. Calculate the greatest common factor of t and s.
3
Let q(j) = j**3 - j**2 - 3*j - 3. Let x be q(2). Let y be 1 + x - (0 + -325 + -4). Calculate the highest common factor of 65 and y.
65
Let w(f) = 19*f**2 - 102*f - 9. Let l be w(7). Calculate the highest common divisor of 2028 and l.
52
Let u(b) = -b**3 - 53*b**2 + 46*b - 333. Let w be u(-54). What is the highest common factor of 11 and w?
11
Suppose 2*p - 8 = 104. Let x be 1 - 4 - (-4 + -470 - 5). Calculate the highest common divisor of p and x.
28
Suppose -h + 5*s + 111 = 30, 3*h - 271 = s. Calculate the highest common divisor of 377 and h.
13
Let t(l) = -l**2 + 5*l + 6. Let f be t(-8). Let v = -151 - f. Let w = 55 + v. Calculate the highest common divisor of w and 6.
2
Let t be 2*25430/16 - (-7 + (-108)/(-16)). What is the highest common divisor of 66 and t?
11
Let a(q) = -12 + q**3 + q + 10 - 67*q**2 + 48*q**2. Let w be a(19). Let s = -41 - -58. Calculate the greatest common factor of w and s.
17
Let y be (2000/120)/(2/84). Suppose 175*k = 168*k + y. Calculate the highest common divisor of k and 80.
20
Suppose -r - 4*m + 36 = 0, 5*r - m + 6*m = 135. Let j = -78 + 90. Let c be j/(-9) + (-40)/(-12) + 34. What is the greatest common divisor of c and r?
12
Let a = 102 - 69. Let z = 90991 + -90947. Calculate the highest common factor of a and z.
11
Let i be -18*(6 + 3)*(-1 - -2). Let v = i - -684. Calculate the greatest common factor of v and 18.
18
Let c = -3099 - -3118. What is the greatest common divisor of 16207 and c?
19
Let o(z) = 2*z**2 + 12*z - 83. Let l be o(-15). Let u = -172 + l. What is the highest common divisor of 21 and u?
3
Let l = -8124 + 8138. Let b be ((-8)/(-3))/(1/3). Suppose 0 = -5*o + 2 + b. Calculate the highest common divisor of l and o.
2
Suppose 0 = 30*s - 32*s - k + 23, -5*k + 45 = 5*s. Calculate the highest common factor of 6 and s.
2
Let v be 3/(-2) + 84*565/40. Calculate the greatest common divisor of 15 and v.
15
Let v = -56 + 59. Suppose 2*w - 2 = -0*w - 4*t, 0 = -2*w - v*t + 4. Let x(c) = -c**2 + 12*c - 10. Let o be x(11). What is the highest common divisor of w and o?
1
Let r be -1*1*(-16 - -9). Let q = 122 - -291. Calculate the greatest common divisor of r and q.
7
Suppose 0 = -9*m + 2*m + 28. Suppose 8*a + 4*i - 532 = 3*a, -m*i + 324 = 3*a. Let p = -10 - -18. Calculate the greatest common divisor of a and p.
8
Suppose -445 - 59 = -36*v. Let x(z) = -z. Let s be x(-5). Suppose -s*w = -41 - v. What is the highest common factor of w and 121?
11
Suppose -u = 4*u - 200. Suppose 122*d + 200 = 142*d. Suppose 32*h - d = 30*h, 5*h = -j + 35. What is the highest common divisor of u and j?
10
Let u(o) = o**2 + 7*o + 12. Let v be u(-4). Suppose -7*a = -76 + 6. Suppose v = a*g - 8*g - 10. What is the highest common factor of g and 1?
1
Let b(r) = r**2 - r - 5. Let q be 5/(-45) - (-74)/18. Suppose j - 20 + 9 = -2*n, q*j = 4. Let l be b(n). What is the greatest common factor of l and 45?
15
Suppose 378*p = 51*p + 7194. What is the highest common divisor of p and 36102?
22
Suppose -14411 = -206*z + 46771. Calculate the highest common factor of 1617 and z.
33
Suppose 18*t + 5854 = 6052. Calculate the greatest common divisor of 11726 and t.
11
Let c(s) = -s - 112. Let p be c(0). Let n = 142 + p. Calculate the greatest common divisor of 570 and n.
30
Let v = -3 - -9. Let a = 36517 + -36484. What is the greatest common divisor of v and a?
3
Suppose -2*f + w - 1858 + 7003 = 0, 0 = 5*f + 5*w - 12915. What is the highest common factor of 224 and f?
112
Suppose -6*z - 2*z + 448 = 0. Suppose 672 = 60*j - 44*j. What is the greatest common divisor of z and j?
14
Let m be (-4)/6 - (-38)/3. Suppose -4*b + 212 = 2*c, 148*b + 25 = 153*b. What is the greatest common divisor of c and m?
12
Let h be (-4)/(-18) - (-65)/(-9). Let z(f) = -3*f - 19. Let l be z(h). Suppose l*g - 4*g = -8. Calculate the highest common divisor of 8 and g.
4
Let p = 29 - 19. Suppose 14 = 2*g - 6. Calculate the greatest common divisor of g and p.
10
Let m be 2/(-15) + 4 + 1585/75. Suppose m = -0*p + 5*p. Suppose p*o - 33 = -3*w, -w = -o + 3*w + 25. What is the highest common factor of o and 45?
9
Let s = 16 + -19. Let i(u) = -75*u - 27. Let w be i(s). Suppose 7*q = 18*q - w. What is the greatest common divisor of 81 and q?
9
Let a = -1570 - -1794. Calculate the highest common factor of 42 and a.
14
Suppose -4*p = 3*o + 15, -o + 6*o = -p - 8. Let y be (o + 3)*(31 + -21). What is the greatest common factor of y and 260?
20
Let b = -252 - -291. Let i = 136 - 43. Suppose -2*v + 3*y + i = 0, y = -4*y - 25. What is the highest common divisor of b and v?
39
Suppose -j - j - 3*t + 76 = 0, 0 = -2*t + 8. Let v = -115 - -135. Suppose 7*h = -3*h + v. What is the greatest common divisor of j and h?
2
Let o = 2208 - 2193. Suppose 3*t = -j + 19 + 203, 5*t + j - 370 = 0. Suppose z = t - 14. What is the highest common factor of z and o?
15
Let y(z) = 27*z**2 - 2*z + 22. Let p(a) = 26*a**2 - a + 22. Let o(f) = -2*p(f) + 3*y(f). Let g be o(4). What is the highest common factor of 10 and g?
10
Let x = -182 - -199. Suppose x*t - 661 = -151. What is the highest common divisor of t and 6?
6
Let o be ((-9)/(-5))/((-1296)/260 + 5). Let r = 113 + -166. Let i = o + r. What is the greatest common factor of 16 and i?
16
Suppose z + 2629 + 59 = 13*z. Suppose 0 = 2*g + g - 252. Calculate the greatest common factor of g and z.
28
Let s = 7616 + -5185. Calculate the greatest common factor of s and 51.
17
Let o = -656 - -1265. Calculate the greatest common factor of 145 and o.
29
Suppose 3*h - 2*y = 14, 2*h + 0 = -2*y + 6. Let r(n) = 78*n - 152. Let j be r(h). What is the highest common divisor of j and 2